Is 22987 composite?
True
Is 57887 composite?
True
Is 11141 a prime number?
False
Is 82653 a prime number?
False
Is 51383 a composite number?
False
Is 106243 a prime number?
True
Is 30021 composite?
True
Is 15115 a prime number?
False
Is 2921 a prime number?
False
Is 1703 a prime number?
False
Is 36911 prime?
False
Is 116189 composite?
False
Is 25999 composite?
False
Is 1672901 prime?
True
Is 6193 prime?
False
Is 26098 composite?
True
Is 1105931 prime?
False
Is 2016893 composite?
True
Is 1117861 a composite number?
False
Is 1949 composite?
False
Is 1363 a prime number?
False
Is 271091 a composite number?
True
Is 25495 a prime number?
False
Is 36419 prime?
False
Is 70765 a composite number?
True
Is 476183 prime?
True
Is 263 a composite number?
False
Is 571331 a prime number?
True
Is 4621 prime?
True
Is 180953 a composite number?
True
Is 971089 a prime number?
False
Is 391117 composite?
False
Is 1034309 a composite number?
False
Is 135023 a prime number?
False
Is 28859 a prime number?
True
Is 541 a composite number?
False
Is 1501457 a prime number?
False
Is 292517 a prime number?
True
Is 2022641 prime?
True
Is 1049 a composite number?
False
Is 21647 a prime number?
True
Is 37651 prime?
False
Is 22787 a prime number?
True
Is 351449 composite?
True
Is 3570217 a prime number?
False
Is 10041 composite?
True
Is 25426 a composite number?
True
Is 84989 a composite number?
True
Is 111937 composite?
True
Is 198427 a composite number?
False
Is 123341 prime?
True
Is 31561 prime?
False
Is 2743 a composite number?
True
Is 91835 composite?
True
Is 128419 composite?
True
Is 30577 a composite number?
False
Is 93047 a prime number?
True
Is 11 composite?
False
Is 1772609 a prime number?
True
Is 2831 a composite number?
True
Is 101005 composite?
True
Is 11249 prime?
False
Is 1087 a composite number?
False
Is 1637 composite?
False
Is 81033 composite?
True
Is 613 prime?
True
Is 8947 prime?
False
Is 137081 a composite number?
True
Is 128005 a composite number?
True
Is 1709 prime?
True
Is 11731 a composite number?
False
Is 23857 prime?
True
Is 4339 a composite number?
False
Is 1154 composite?
True
Is 1009 a composite number?
False
Is 5147 prime?
True
Is 596833 a composite number?
True
Is 364373 a composite number?
False
Is 209167 composite?
True
Is 21541 a prime number?
False
Is 38587 a prime number?
False
Is 21971 a composite number?
True
Is 32401 composite?
False
Is 4063 a prime number?
False
Is 557927 composite?
False
Is 172261 prime?
False
Is 1704671 a composite number?
False
Is 515215 a prime number?
False
Is 3786782 a prime number?
False
Is 34149 composite?
True
Is 639569 a prime number?
False
Is 1011 composite?
True
Is 1967129 a prime number?
True
Is 63241 composite?
False
Is 19483 prime?
True
Is 66985 prime?
False
Is 638947 a prime number?
False
Is 962697 a prime number?
False
Is 283501 a composite number?
False
Is 286721 prime?
True
Is 22343 a prime number?
True
Is 1543 prime?
True
Is 2927 prime?
True
Is 6159 composite?
True
Is 133099 a composite number?
True
Is 71501 a prime number?
False
Is 380483 composite?
False
Is 246683 prime?
True
Is 304295 a prime number?
False
Is 275083 prime?
True
Is 1255 a prime number?
False
Is 397901 a prime number?
False
Is 13543 prime?
False
Is 83159 a composite number?
True
Is 175199 a prime number?
False
Is 197339 prime?
True
Is 43437 a composite number?
True
Is 913 a composite number?
True
Is 70051 a composite number?
False
Is 13521 composite?
True
Is 157739 prime?
True
Is 108753 a prime number?
False
Is 11483 a composite number?
False
Is 302959 composite?
False
Is 26591 a composite number?
False
Is 3389 prime?
True
Is 221 composite?
True
Is 1144919 composite?
False
Is 21703 composite?
True
Is 360023 a prime number?
True
Is 12773 a prime number?
False
Is 209299 a prime number?
True
Is 6134 prime?
False
Is 11777 a prime number?
True
Is 11203 a composite number?
True
Is 348115 a prime number?
False
Is 160697 a composite number?
False
Is 432065 a prime number?
False
Is 324809 composite?
False
Is 1110533 composite?
False
Is 4387 a composite number?
True
Is 61127 composite?
True
Is 485989 prime?
False
Is 23467 composite?
True
Is 130969 composite?
False
Is 7495 composite?
True
Is 59441 a prime number?
True
Is 19102 a composite number?
True
Is 5153 prime?
True
Is 4751 a composite number?
False
Is 12037 a composite number?
False
Is 26903 composite?
False
Is 126347 a composite number?
True
Is 428665 composite?
True
Is 3753043 a composite number?
True
Is 485161 a prime number?
True
Is 9235 a composite number?
True
Is 90583 prime?
True
Is 6599 prime?
True
Is 100151 composite?
False
Is 11551 a composite number?
False
Is 3967 a prime number?
True
Is 17245 a composite number?
True
Is 27299 a prime number?
True
Is 861257 a prime number?
False
Is 85339 a composite number?
True
Is 656771 prime?
True
Is 1895 prime?
False
Is 289129 prime?
True
Is 132359 a composite number?
True
Is 169607 prime?
True
Is 12197 a composite number?
False
Is 96043 a prime number?
True
Is 15923 composite?
False
Is 1485787 prime?
True
Is 41414 a prime number?
False
Is 350962 a prime number?
False
Is 755 a prime number?
False
Is 6499 a prime number?
False
Is 19661 a composite number?
False
Is 31307 composite?
False
Is 26291 a prime number?
False
Is 2053 prime?
True
Is 6385 prime?
False
Is 2283031 prime?
True
Is 2480191 prime?
False
Is 143537 composite?
False
Is 94993 prime?
True
Is 12439 a composite number?
True
Is 96637 prime?
False
Is 884969 composite?
True
Is 96081 prime?
False
Is 17519 prime?
True
Is 252701 prime?
False
Is 19619 a prime number?
False
Is 60745 prime?
False
Is 43637 prime?
False
Is 81281 a prime number?
True
Is 327685 a prime number?
False
Is 27847 a prime number?
True
Is 213449 a composite number?
False
Is 22641 a prime number?
False
Is 1207 composite?
True
Is 36238 a prime number?
False
Is 92651 composite?
True
Is 158 composite?
True
Is 715151 composite?
False
Is 58133 a composite number?
True
Is 2161 prime?
True
Is 4135 prime?
False
Is 238141 prime?
True
Is 14939 a prime number?
True
Is 895 composite?
True
Is 6598 a prime number?
False
Is 141041 prime?
True
Is 48197 a composite number?
False
Is 95129 composite?
True
Is 48497 prime?
True
Is 95531 a prime number?
True
Is 13891 prime?
False
Is 326679 a composite number?
True
Is 1206941 prime?
True
Is 395435 a prime number?
False
Is 12877 prime?
False
Is 4493 prime?
True
Is 25969 prime?
True
Is 8197 a prime number?
False
Is 1157 a prime number?
False
Is 36611 a prime number?
False
Is 27273 a prime number?
False
Is 299309 prime?
False
Is 2886307 composite?
True
Is 2900663 a composite number?
True
Is 841 prime?
False
Is 16867 a prime number?
False
Is 251609 composite?
False
Is 2394299 a prime number?
True
Is 48851 prime?
False
Is 2194 prime?
False
Is 16729 a prime number?
True
Is 149071 prime?
False
Is 789959 a composite number?
False
Is 91229 prime?
True
Is 7349 prime?
True
Is 24029 a composite number?
False
Is 766163 prime?
True
Is 88289 a composite number?
False
Is 2099 a prime number?
True
Is 29143 prime?
False
Is 6449 composite?
False
Is 156667 composite?
True
Is 2237 a prime number?
True
Is 2235265 composite?
True
Is 289697 a composite number?
True
Is 54751 a prime number?
True
Is 46993 a prime number?
True
Is 3713 prime?
False
Is 9101 a composite number?
True
Is 205811 a prime number?
False
Is 1334327 a composite number?
False
Is 57427 a composite number?
False
Is 18019 a prime number?
False
Is 3793 composite?
False
Is 21179 prime?
True
Is 3085 a prime number?
False
Is 205 a prime number?
False
Is 1959 prime?
False
Is 177902 prime?
False
Is 11341 prime?
False
Is 38705 composite?
True
Is 111029 a composite number?
False
Is 15681 prime?
False
Is 19373 composite?
False
Is 981913 prime?
True
Is 18391 prime?
False
Is 14369 prime?
True
Is 113303 prime?
False
Is 293791 a composite number?
False
Is 22201 a prime number?
False
Is 204451 a composite number?
True
Is 3403139 prime?
True
Is 800209 a composite number?
False
Is 516527 a composite number?
True
Is 841655 a prime number?
False
Is 235 prime?
False
Is 2685833 prime?
False
Is 3877 a composite number?
False
Is 184071 a composite number?
True
Is 187274 composite?
True
Is 1332791 prime?
False
Is 107297 a prime number?
False
Is 902603 prime?
False
I